6/(-104) + 200/(-52) + 2. Let r(t) = -13*t - 1. Give r(m).
25
Let r(o) = o + 1. Let t be r(1). Let n(i) = 5 - 1 - 20*i + 6*i - 1. Let p(a) = 5*a - 1. Let k(x) = -4*n(x) - 11*p(x). Determine k(t).
1
Let h(j) = -j**3 + 5*j**2 - 7*j + 1. Let l be h(3). Let s(w) = -2*w**3 + 3*w**2 + 4*w + 3. Determine s(l).
23
Let k(o) = -5*o - 3*o - o + 4 + 10*o. Calculate k(-4).
0
Let j(l) = 3*l**3 - l**2 - l - 1. Let f(g) = -10*g**3 - 9*g**2 + 4*g + 11. Let t(b) = f(b) + 3*j(b). Give t(-12).
-4
Let u(r) = -r**2 + 4. Suppose 104*i + 27 = 95*i. Calculate u(i).
-5
Let r(y) = -7*y**3 - 23*y**2 + 16*y - 43. Let v(o) = -3*o**3 - 11*o**2 + 8*o - 22. Let c(b) = 2*r(b) - 5*v(b). What is c(-10)?
4
Let r(h) be the third derivative of h**4/24 + h**3/2 - 12*h**2. Let i(g) = -g**3 + 6*g**2 - 3. Let y be i(6). What is r(y)?
0
Suppose 5*p = 3*s + 8, 12 = p - 2*s + 4*s. Let u(f) = -4 + 1 + p*f - f + 7. What is u(-3)?
-5
Let y(q) = -4*q. Let f = -32 + 38. Suppose f = 33*o - 36*o. What is y(o)?
8
Let u(f) be the second derivative of -f**4/12 - 3*f**3/2 - 2*f**2 - f + 11. Calculate u(-7).
10
Let n(b) be the third derivative of b**6/120 - b**5/20 - 4*b**3/3 + 181*b**2. What is n(4)?
8
Let v = 10 - 7. Suppose -2*c + 96 = -v*c. Let n be ((-2)/(-4))/(12/c). Let z(q) = -q**3 - 5*q**2 - 4*q - 2. Calculate z(n).
-2
Let x be 2/(-4)*(-6)/1. Let h(k) be the third derivative of 0*k - 1/8*k**4 + 1/60*k**5 + 0 + 10*k**2 - 2/3*k**3. Determine h(x).
-4
Let q(p) = -5*p - 1. Let s = -2 + 4. Let u(l) = -1. Let r(c) = s*u(c) + q(c). Suppose 25*m + 70 = -5. Calculate r(m).
12
Let q(y) = 2*y**2 + 3*y + 667 + 676 - 1346. Give q(1).
2
Let y(d) = -13 + d - 3*d + 3*d. Give y(10).
-3
Let h be -1 - 2/((-10)/25). Let u be (2/h)/(6 + (-55)/10). Let x(s) = 3*s**3. What is x(u)?
3
Let t(y) = -20*y + 30. Let a(h) = 3*h - 5. Let g(q) = -13*a(q) - 2*t(q). Let p(z) = 9*z - 1. Let s be p(-1). Determine g(s).
-5
Let s(r) = 29*r - 2 + r**2 + 33*r - 69*r. What is s(7)?
-2
Let z(h) = 7*h - 1. Let o = -109 - -64. Let k = 46 + o. Determine z(k).
6
Let c(m) = -3*m + 15. Let y(f) = -13*f + 32. Let u(i) = -20*i + 48. Let k(v) = -5*u(v) + 8*y(v). Let z(p) = -5*c(p) + 4*k(p). Determine z(-10).
-1
Let b = -1151 + 1149. Let t(x) = -16*x + 4. Determine t(b).
36
Let f(y) = y**2 - 6*y + 1. Suppose -w = 5*w - 30. Suppose -2*q + w + 1 = 0. Determine f(q).
-8
Let k(a) = -2*a + 4. Let u(z) = z + 6. Let c be u(-6). Suppose s - 4*s = g - 2, -3*s = 2*g - 4. Suppose c*v + v = -g*i + 4, -2*v = -5*i - 8. Determine k(v).
-4
Let p(g) = 11 + 8 + 12 + 8 - 38 + 2*g + 12*g**2. What is p(2)?
53
Suppose -2*r - 52 = -24. Let s = r + 18. Let o(k) = -k + 5. What is o(s)?
1
Let s(i) = 2*i - 2. Suppose 3*c - 16 = u, -5 = -3*u - 5*c - 25. Give s(u).
-22
Let f(c) = 15*c + 3. Let r(i) = -2*i - 1. Let l(v) = -5*f(v) - 35*r(v). What is l(6)?
-10
Let i(b) = 9*b**3 + 13*b**2 + 13*b - 9. Let w(z) = -2*z**3 - 2*z**2 - z - 1. Let q(a) = i(a) + 5*w(a). Give q(4).
2
Let r(u) = u**2 - u + 10. Let y be (-42 + 42)/(1/1). Give r(y).
10
Let p(z) = 3 + z + 3 + 0*z - 23. Determine p(11).
-6
Suppose -2*a + 0*a = -2, 3*a = -3*h + 159. Suppose 0 = 49*m - h*m - 9. Let k(i) = i**3 + 4*i**2 + 2*i + 3. Give k(m).
6
Let h(b) = -b**2 - b - 3. Let x(p) = 3*p**2 + 3*p + 10. Let v(n) = 19*h(n) + 6*x(n). Give v(6).
-39
Let l(c) = c**3 - 7*c**2 + 4*c - 7. Suppose 0 = -2*m - 5*v + 19, 11 = 5*m - 3*m - 3*v. Calculate l(m).
21
Let c(y) = y**2 + 1. Let f(i) = -3*i**2 - 10*i + 1. Let b = 65 + -64. Let d(v) = b*f(v) + 2*c(v). Calculate d(-10).
3
Let h(z) = -z**3 + 16*z**2 + 16*z + 24. Suppose -38*v - 5*i = -35*v - 66, 49 = 2*v + 5*i. Give h(v).
7
Let s(n) be the first derivative of 1/3*n**3 - 1/2*n**2 + 4*n - 6. Calculate s(4).
16
Let c(g) = g**2 + 3*g + 5. Let t be c(-3). Let s(i) = 1 - t - 9*i + 4*i + 4*i. Give s(0).
-4
Suppose 5*r = 4*h + 57, -7*h = -4*h - r + 29. Let t(w) = w**2 + 6*w - 8. What is t(h)?
8
Let s be 2/5 + 72/45. Suppose n - 5 = 3*g, 3*g + s = 3*n - 1. Let p(y) = -3*y**2 - 3*y**2 - y + 3*y**2. Give p(g).
-10
Let o(k) = k**3 + 5*k**2 + 4*k + 10. Let z(l) = 1. Let x(u) = -o(u) + 4*z(u). Determine x(-4).
-6
Suppose -40 = 5*u + 15. Let v(q) = -7 + 14*q**3 - 2 + 2*q - 8 + 20 + 20*q**2. Let t(i) = 5*i**3 + 7*i**2 + i + 1. Let c(f) = u*t(f) + 4*v(f). What is c(-3)?
10
Suppose z = 10 - 0. Let k(a) = 5*a**2 - 3*a**2 + 66*a - 31*a - 36*a - z*a**3. What is k(1)?
-9
Suppose -5*f + 22 = -2*k, -2 + 6 = 2*f - 2*k. Suppose 0 = -3*x - 4*g + 38, -x + g + g = -f. Let a = 6 - x. Let o(w) = -w**3 - 5*w**2 - 6*w - 6. Determine o(a).
2
Let j(w) be the second derivative of w**4/12 + 3*w**3/2 + 10*w**2 + 184*w - 1. Determine j(-6).
2
Let d(a) be the second derivative of -a**5/30 - a**4/8 - a**3/6 - 25*a**2/2 + 13*a. Let q(w) be the first derivative of d(w). Calculate q(-3).
-10
Let p(w) be the third derivative of w**6/20 - w**4/24 + w**3/6 - w**2 + 4*w. Suppose q = -3*x + 4, -5*q + 3 = 2*x - 4*x. Give p(x).
6
Let p be 6/(-5 - (-143)/22). Let a(r) be the first derivative of 1/3*r**3 + 0*r**2 + 11 + p*r. Give a(0).
4
Let w(f) = -3*f + 1. Suppose 0 + 55 = 5*c. Let p = -13 + c. What is w(p)?
7
Suppose 4*a - 5*t = 0, 0*a - 2*a - t - 14 = 0. Let p(d) be the third derivative of -d**4/24 - 3*d**3/2 - 3*d**2. Determine p(a).
-4
Let m(c) = 0*c - 13 - 4*c + 5*c. Suppose 5*j - 218 = -178. Give m(j).
-5
Let u(m) = m**2 - m - 2. Let k(g) = 2*g**2 - 5 + 0 - g + 2 - g. Let n(y) = 2*k(y) - 3*u(y). Give n(2).
2
Let r = -1 + 5. Let o(j) = 6*j**2 + 6*j**2 + 8*j**2 + 2 - 7*j**2 - 12*j**2 - 4*j. Determine o(r).
2
Let o(y) = -7 + 9 - 19 + 2*y + 4 - 17. Give o(18).
6
Let v(w) be the second derivative of -w**5/20 + w**4/12 + 2*w**3/3 - 3*w**2/2 + w. Let i be 0 - (-2 - (-2 - -2)). Calculate v(i).
1
Suppose 2*l = -0 + 6. Let x(z) = l*z - 5*z**3 - 1 + z**2 - 4*z**2 + 7*z**3. Determine x(2).
9
Let q(i) = i**3 + 5*i**2 + i. Let g(o) be the second derivative of -o**4/12 - 2*o**3/3 + 7*o**2/2 + 2*o. Let r be g(-5). Suppose -2 + 6 = -r*j. What is q(j)?
10
Let m(s) be the second derivative of -1/3*s**3 - 45*s + 0*s**2 + 0. Determine m(2).
-4
Let o(k) = -k - 6. Let x be o(-8). Suppose -10 - 10 = -4*l, 2*l = x*s + 20. Let g(j) = -j**2 - 6*j + 6. What is g(s)?
11
Let x(z) = z**3 + z**2 + 6*z - 1. Let v(w) = 4*w**3 + 8*w**2 + 11*w - 5. Let q(r) = -v(r) + 3*x(r). Give q(-6).
-4
Let l(g) = -g**2 + 2*g - 2. Suppose 17*a + 24 = 21*a. Determine l(a).
-26
Let n(p) be the second derivative of p**4/12 - 7*p**3/6 + 3*p**2/2 - 2*p + 5. Let u be 2/(-6) - (-333)/27. Let w = 17 - u. Calculate n(w).
-7
Let j = 178 + -163. Let z(u) = 32*u**2 - 40*u**2 + 2*u + j - 14. What is z(2)?
-27
Let y(l) = 7*l - 1. Suppose 71 = 6*i - 97. Suppose o - 29 = -i. What is y(o)?
6
Let p(t) = t**3 + 2*t**2 - 1. Let m(k) = k**2 + 6*k + 4. Let x be m(-7). Let i = 15 - x. Suppose 0 = -j - 4, -3*j - 16 = i*a. What is p(a)?
0
Let s(w) = -2*w - 13. Suppose -6*j = -j + 45. Let l be s(j). Let y(k) = l*k - k**2 - k - 2*k + 0*k**2. Calculate y(4).
-8
Let y(n) be the third derivative of -n**4/12 - n**3/3 - 234*n**2. Let c(g) = g**2 + 5*g - 3. Let b be c(-6). Determine y(b).
-8
Let q(f) = 7*f - 5. Let y(c) = c + 1. Let d(w) = -q(w) + 5*y(w). What is d(8)?
-6
Let z(u) = -3*u**2 + 4164*u - 4166*u + 2 + 3*u**2 - 5*u**2 + 0. Let v(f) = -2*f + 4. Let t be v(3). Give z(t).
-14
Let q(i) be the second derivative of i**4/6 + 10*i**3/3 - 15*i**2/2 + 5*i. Let v be q(-11). Let o(p) = -p**2 + 6*p + 6. What is o(v)?
-1
Suppose -d + 4 = j - 6, 4*j - 20 = d. Let b = j - 0. Let k(z) = -z**2 + 8*z - 2 - 4 - 2. Calculate k(b).
4
Let n(s) be the third derivative of -s**6/120 + 7*s**5/60 - s**4/3 + s**3/2 - 59*s**2. Determine n(6).
-9
Let p(n) be the third derivative of n**6/120 - n**5/20 - 5*n**4/24 + 2*n**3/3 + 26*n**2. Let j be p(4). Let w(m) = m**2 + m + 5. Calculate w(j).
5
Let q(m) = -m**2 + 5 - m - 2 - 6*m. Let n = -371 + 363. Determine q(n).
-5
Let q(o) be the second derivative of 2*o**3 + 91*o**2/2 + 7*o - 2. Calculate q(-8).
-5
Let k(b) be the first derivative of b**7/840 + b**6/180 - b**5/120 - b**3/3 + 10. Let g(s) be the third derivative of k(s). Determine g(-2).
2
Suppose -3*c = -5*c - 4. Let u(i) be the second derivative of -i**5/10 + i**3/3 + 3*i**2/2 - 38*i - 4. Give u(c).
15
Let g(r) = -3*r**2 + r - 1. Let u(q) be the first derivative of 0*q**2 + 0*q - 1/3*q**3 + 8. Let a(c) = 2*